/(-4). Let v = -49 + h. List the prime factors of v.
3, 11
List the prime factors of (-33525)/(-27) - 2/(-12)*2.
2, 3, 23
Let b be -4 + 0/2 + (45 - 41). Suppose j + 320 = 2*z, 4 + b = 2*j. What are the prime factors of z?
7, 23
Let f = 22 - 17. Suppose 2*i + 222 = f*i - 3*u, -3*i + 226 = -4*u. What are the prime factors of i?
2, 5, 7
Suppose 5*j + 3*m - 210 = 0, 3*m + 220 = 5*j + 4*m. Suppose -12 = -c + j. List the prime factors of c.
3, 19
Let u(v) = 15 + 3*v**2 - 4*v**3 - 15 - 9*v. List the prime factors of u(-4).
2, 5, 17
Suppose -4*s = 3*q - 8*q + 1655, -4*s = 3*q - 1025. Suppose -6*l + q = -l. Let p = l + -43. List the prime factors of p.
2, 3
Let g = -351 - -1307. List the prime factors of g.
2, 239
Let t be -2 + 2 + 0 - -260. Suppose -l = 3*g - 4 - 365, -4*l - t = -2*g. What are the prime factors of g?
2, 31
Let v = 3880 - 2240. List the prime factors of v.
2, 5, 41
Let b(a) = -a**2 + 12*a + 18. Let y be b(13). Let h(z) = -z**3 + 4*z**2 - 6*z + 6. Let v be h(y). List the prime factors of ((-644)/v)/(4/14).
2, 23
Let v(g) = 3*g - 24. Let n = -37 + 52. List the prime factors of v(n).
3, 7
Suppose 0 = -27*l + 2*l + 9050. List the prime factors of l.
2, 181
Let n be ((-36)/14)/((-8)/56). Suppose 4*s - n + 74 = 0. Let u = 8 - s. What are the prime factors of u?
2, 11
Let c be (-1 + -6)/((-8)/8). Let j be 582/21 + (-4)/(-14). List the prime factors of 1000/j - (-2)/c.
2, 3
Let y = 10 + 16. Let s = y + -20. What are the prime factors of (-201)/(-9) - 2/s?
2, 11
Suppose 16*g = 11*g - 275. Let v = -29 - g. What are the prime factors of v?
2, 13
Let k = 853 - 551. List the prime factors of k.
2, 151
Let l = 3231 - 2830. List the prime factors of l.
401
Let d(h) = -h**3 - 7*h**2 - 6*h + 6. Let o be d(-8). Suppose 4*r - 4*j - 104 = 0, -4*r + o + 6 = j. What are the prime factors of r?
2, 3, 5
Let s be -4 - 1*(-3 + 1). Let u(r) = 24*r**3 - 4*r**2 - 5*r. Let q be u(s). What are the prime factors of ((-8)/6)/(6/q)?
2, 11
Let a(j) = 7*j**2 + 2*j - 5. Let s be a(4). Suppose -5*o = 5*k - s, -o + 103 = 3*k + 2*k. What are the prime factors of k?
2, 5
Suppose -5*x = -998 - 232. List the prime factors of x.
2, 3, 41
Suppose 3*y + 3*p + p = 26, -5*y + 2*p = 0. Suppose -4*c - y*i + 44 = 2*i, 4*i - 36 = -3*c. List the prime factors of (-324)/(-48) - 6/c.
2, 3
Let m(r) = -370*r + 8. List the prime factors of m(-3).
2, 13, 43
List the prime factors of 8/(-6) - (-26480)/15.
2, 3, 7
Suppose 2*s + u = -4, -2*s + 0 = 2*u + 8. What are the prime factors of 64/(-10)*(s - 10)?
2
Let x = 1847 + -750. List the prime factors of x.
1097
Let g be 12/(-9)*7/(42/(-45)). Suppose 4*s = -s - g, -3*h - s = -58. What are the prime factors of h?
2, 5
Suppose -5*d + 4 + 1 = -3*v, -5 = -5*v + 5*d. What are the prime factors of (-15)/(-25) + -2 + 257/v?
2, 5
Suppose -187 = 19*s + 421. What are the prime factors of (-10232)/s + (5/4)/5?
2, 5
Suppose -9*x = -13*x + 1360. What are the prime factors of x?
2, 5, 17
Let z = -59 - -42. Let k = z + 13. List the prime factors of (-2 + 45)*1 + k.
3, 13
Let l = -396 - -738. Suppose 2*o = -o + l. Suppose -2*y = -0*y - o. List the prime factors of y.
3, 19
Let i(z) = -z**2 - z - 1. Let w(v) = -5*v**2 - 4*v + 51. Let h(c) = -4*i(c) + w(c). Let u be h(0). Suppose 3*t - u = 32. List the prime factors of t.
29
Suppose 0 = -0*u + 3*u - 9. Suppose -4*f = f - 395. Suppose 0*i - u*r = -2*i + f, -2*r + 50 = i. List the prime factors of i.
2, 11
Suppose 0 = -5*q - 5, -p - 4*q + 802 = 231. What are the prime factors of p?
5, 23
Let x = 66 + -76. List the prime factors of (2 - (6 + -1)) + (x - -136).
3, 41
Suppose 3*z - z + 29 = 3*h, 0 = 5*h + 3*z - 23. Suppose -12*k + h*k = -155. List the prime factors of k.
31
Let g = -207 + 469. List the prime factors of g.
2, 131
Let v(j) = j + 48. Let h be (-8)/(160/12)*-45. List the prime factors of v(h).
3, 5
Suppose -2*x + 7*x = -2*f + 180, 2 = x. Suppose 0 = -2*l - u + 45, -6*u = 3*l - u - f. List the prime factors of l.
2, 5
Let p = 35 - 33. Suppose -5*l + 233 = 3*u, p*u - l - 31 = 133. List the prime factors of u.
3
Let r(v) = -26*v - 82. Let u be r(-3). Let m(g) = -5 - g**3 - 3*g**2 - 6*g - 3 - g. What are the prime factors of m(u)?
2, 3
Let f be (-4)/18 + (-4)/(-18). Let r(z) = 2*z**3 + 2*z + 270. List the prime factors of r(f).
2, 3, 5
Let z = 59 - -149. Suppose 14*w = 6*w + z. What are the prime factors of w?
2, 13
Suppose 3*m - 140 = y, 4*m + 4*y = 2*y + 200. Let c(h) = -10*h - 105. Let f be c(-10). What are the prime factors of m - f/(-25)*5?
47
Let z = -16 + 31. Suppose 13*r = -21 - 109. What are the prime factors of r/z - (-46)/6?
7
What are the prime factors of ((-120)/54)/10 - (-61485)/27?
3, 11, 23
Let z(v) = -11 - 7 - 9 + 2*v**2 - 14*v. What are the prime factors of z(11)?
61
Suppose -2*c = -4*j - 1362, -5*c = 9*j - 4*j - 3405. What are the prime factors of c?
3, 227
Let l(g) be the second derivative of 5*g**3/6 - 27*g**2/2 - 12*g. List the prime factors of l(9).
2, 3
Let x be ((-15)/(-9))/((-1)/9*-3). What are the prime factors of -2*(-69)/10*x?
3, 23
Let d = 16 - 17. List the prime factors of (282 - d) + -6 + 5.
2, 3, 47
Suppose -u = 4*f - 3594, f - 328 = 2*u + 575. What are the prime factors of f?
29, 31
What are the prime factors of 16/(-12) + 6972/18?
2, 193
Let t(c) = 61*c**2 - 12*c - 1. List the prime factors of t(4).
3, 103
Let d(n) = -n**3 + 8*n**2 - 6*n - 6. Let f be d(7). Suppose -4*x + 7 = -f. Suppose 0*h = -x*h + 40. List the prime factors of h.
2, 5
Suppose 3*p + 2*n = 8, 0 = -n - 3*n - 8. Let d(s) = -s**2 - 5*s + 6. Let u be d(-6). Suppose u = p*z + 8 - 40. What are the prime factors of z?
2
Let w be 1 - (-1 + 2 + -1). Let o(d) = 38*d**3 - d**2 + 2*d - 1. Let h be o(w). Suppose -2*i = 2*i + 16, l - 4*i - h = 0. What are the prime factors of l?
2, 11
Suppose 1034 = f + 4*n, 3*f - 4*n + 2*n = 3046. List the prime factors of f.
2, 509
Let y be 2 - ((2 - 2) + 49). Let c = 23 + -51. Let k = c - y. What are the prime factors of k?
19
Let d(l) = 3*l - 8. Let o be d(4). Suppose 0 = -3*w - o*y + 667, 5*w + 4*y + 0*y - 1117 = 0. What are the prime factors of w?
3, 5
Let k(n) = -521*n**3 + 3*n + 3. What are the prime factors of k(-1)?
521
Let q = 13880 + -9639. What are the prime factors of q?
4241
Let i = 0 + 2. Suppose 2*k - 5*s - 6 = 7, -3*k + i*s = -14. Suppose k*t = t + 30. What are the prime factors of t?
2, 5
Let l = 5706 + -2625. What are the prime factors of l?
3, 13, 79
Suppose 0 = -12*n - n - 4810. Let t = n + 627. What are the prime factors of t?
257
What are the prime factors of 2 + (252941/91 - 3/(-7))?
2, 13, 107
Suppose -7*r + 628 = n - 4*r, 5*n + 4*r = 3195. What are the prime factors of n?
643
Let w = 7 + -10. Let k = w - -3. Suppose k*o - 20 = -o. What are the prime factors of o?
2, 5
Let r(s) = -11*s + 39. Let f be r(4). List the prime factors of ((-6)/f)/(3/820).
2, 41
Let d = -98 - -80. Let x = d + 273. What are the prime factors of x?
3, 5, 17
What are the prime factors of 12*1*(-21)/(21/(-134))?
2, 3, 67
Suppose h + 3*h - x - 6787 = 0, -3*x + 8505 = 5*h. List the prime factors of h.
2, 3, 283
Suppose -7 - 13 = -4*t. Suppose 3 = t*u - 12. Suppose u*l - 166 - 17 = 0. What are the prime factors of l?
61
Let h(g) = -g**3 + 35*g**2 + 20*g - 57. What are the prime factors of h(35)?
643
Suppose 2*g + 0*o + o - 6 = 0, 0 = -3*g + o + 14. Let h(n) = 3*n - 8. Let b be h(g). List the prime factors of 291/12 - 1/b.
2, 3
Let s = 2010 - -259. What are the prime factors of s?
2269
Let f(t) be the first derivative of 67*t**4/4 + t**3/3 - t + 25. List the prime factors of f(1).
67
Suppose 4*j = 4, k - 5*j + 2*j = -1. Suppose 5*g = 5*r - 168 - 132, k*g = r - 60. What are the prime factors of r?
2, 3, 5
Suppose p - 13 = -0*w - 2*w, 20 = 4*w. Suppose 0 = p*m + 3*m - 150. What are the prime factors of m?
5
Let q(g) be the third derivative of 0*g**4 + 0*g + 17/60*g**6 + 0*g**5 + 0 + 1/6*g**3 - 3*g**2. What are the prime factors of q(1)?
5, 7
Suppose 0 = -4*r + 5*z + 402 + 8, -4*r - 3*z = -426. What are the prime factors of r?
3, 5, 7
Suppose -12 = -r - 2*r. Let b be (-3 - -5)/((-2)/(-14)). Suppose r*t - 34 = -b. List the prime factors of t.
5
Let z(h) = -h**3 + 5*h**2 + 7*h - 1. Let t be z(6). What are the prime factors of (20/t)/(8/6)?
3
Let s be 4*((-3)/4 + 0). Let z be 1/3 + (-191)/s. Suppo